ided by 113.
84
Calculate the remainder when 2786037 is divided by 1420.
1417
Calculate the remainder when 59024277 is divided by 437.
435
Calculate the remainder when 2354055 is divided by 10.
5
What is the remainder when 13711565 is divided by 1523?
1519
Calculate the remainder when 67559311 is divided by 10.
1
Calculate the remainder when 482740 is divided by 7482.
3892
What is the remainder when 444066 is divided by 10573?
0
Calculate the remainder when 343213 is divided by 201.
106
Calculate the remainder when 2084214 is divided by 244.
210
What is the remainder when 12378914 is divided by 1198?
1178
Calculate the remainder when 264692 is divided by 7363.
6987
Calculate the remainder when 99794 is divided by 2382.
2132
Calculate the remainder when 73496996 is divided by 4431.
4430
Calculate the remainder when 958042 is divided by 2633.
2263
What is the remainder when 463430 is divided by 5721?
29
Calculate the remainder when 75318 is divided by 4408.
382
Calculate the remainder when 8357105 is divided by 157.
152
What is the remainder when 25897 is divided by 1717?
142
What is the remainder when 603861 is divided by 201062?
675
Calculate the remainder when 4939493 is divided by 325.
143
Calculate the remainder when 2875164 is divided by 1439.
42
Calculate the remainder when 1355414 is divided by 1834.
88
What is the remainder when 7789832 is divided by 137?
12
What is the remainder when 384597 is divided by 13735?
17
Calculate the remainder when 19547476 is divided by 1366.
16
What is the remainder when 83115892 is divided by 6?
4
Calculate the remainder when 567967892 is divided by 283983946.
0
Calculate the remainder when 557940 is divided by 278969.
2
Calculate the remainder when 36729871 is divided by 1814.
1813
Calculate the remainder when 107701068 is divided by 17.
16
What is the remainder when 805530 is divided by 318?
36
Calculate the remainder when 852873 is divided by 3147.
36
Calculate the remainder when 795567 is divided by 6.
3
Calculate the remainder when 1327842 is divided by 11453.
10747
What is the remainder when 363353 is divided by 297?
122
Calculate the remainder when 249835 is divided by 83269.
28
Calculate the remainder when 3677048 is divided by 1838420.
208
What is the remainder when 27376 is divided by 27217?
159
Calculate the remainder when 115807 is divided by 6382.
931
Calculate the remainder when 472362 is divided by 102.
0
Calculate the remainder when 4953364 is divided by 1975.
64
What is the remainder when 604849 is divided by 3085?
189
Calculate the remainder when 1510726 is divided by 2296.
2254
What is the remainder when 974066 is divided by 209?
126
Calculate the remainder when 2958154 is divided by 985427.
1873
What is the remainder when 185972 is divided by 149?
20
Calculate the remainder when 22482 is divided by 22065.
417
What is the remainder when 762922627 is divided by 63?
61
Calculate the remainder when 95030 is divided by 1070.
870
Calculate the remainder when 2333235 is divided by 23.
0
Calculate the remainder when 18725973 is divided by 68.
65
What is the remainder when 3298745 is divided by 964?
901
What is the remainder when 779874 is divided by 155972?
14
Calculate the remainder when 97387 is divided by 74.
3
What is the remainder when 2914959 is divided by 931?
929
Calculate the remainder when 3299116 is divided by 464.
76
Calculate the remainder when 1676197 is divided by 1842.
1819
What is the remainder when 47805 is divided by 3333?
1143
What is the remainder when 846054 is divided by 167?
32
Calculate the remainder when 143022 is divided by 96.
78
What is the remainder when 143767582 is divided by 282?
34
Calculate the remainder when 1066038 is divided by 177657.
96
What is the remainder when 364972 is divided by 409?
144
What is the remainder when 40488246 is divided by 264629?
9
Calculate the remainder when 49833831 is divided by 116.
115
What is the remainder when 4043032 is divided by 26?
6
What is the remainder when 64672 is divided by 21449?
325
Calculate the remainder when 586095 is divided by 1741.
1119
What is the remainder when 606502 is divided by 1021?
28
Calculate the remainder when 45812 is divided by 14445.
2477
What is the remainder when 2889845 is divided by 3179?
134
Calculate the remainder when 3973421 is divided by 170.
11
What is the remainder when 33127732 is divided by 21304?
12
What is the remainder when 167643 is divided by 608?
443
Calculate the remainder when 9069813 is divided by 1133717.
77
What is the remainder when 853103 is divided by 56868?
83
What is the remainder when 4911028 is divided by 15?
13
Calculate the remainder when 4043906 is divided by 78.
74
What is the remainder when 48234 is divided by 5327?
291
What is the remainder when 38015433 is divided by 863987?
5
Calculate the remainder when 43834160 is divided by 5479270.
0
What is the remainder when 3153313 is divided by 57?
16
Calculate the remainder when 27420 is divided by 1905.
750
Calculate the remainder when 78343 is divided by 11097.
664
Calculate the remainder when 240094 is divided by 240094.
0
Calculate the remainder when 84090 is divided by 8059.
3500
Calculate the remainder when 117869894 is divided by 143.
142
What is the remainder when 3816654894 is divided by 11?
8
Calculate the remainder when 3901820 is divided by 2667.
2666
Calculate the remainder when 111673 is divided by 128.
57
Calculate the remainder when 23366 is divided by 1419.
662
What is the remainder when 81325 is divided by 421?
72
Calculate the remainder when 3223486 is divided by 153499.
7
What is the remainder when 31157 is divided by 10260?
377
What is the remainder when 70164 is divided by 743?
322
Calculate the remainder when 47196 is divided by 716.
656
Calculate the remainder when 54971 is divided by 2386.
93
Calculate the remainder when 7171 is divided by 6369.
802
Calculate the remainder when 28565 is divided by 5312.
2005
Calculate the remainder when 7212618 is divided by 655692.
6
Calculate the remainder when 9084940 is divided by 1255.
1250
What is the remainder when 2743164 is divided by 3186?
18
Calculate the remainder when 31709439 is divided by 64.
63
What is the remainder when 23315608 is divided by 5625?
5608
What is the remainder when 262637 is divided by 1520?
1197
Calculate the remainder when 5585263 is divided by 69.
58
Calculate the remainder when 4254823 is divided by 51.
46
Calculate the remainder when 8840398 is divided by 7608.
7510
What is the remainder when 1941673 is divided by 2418?
19
What is the remainder when 493093 is divided by 163436?
2785
What is the remainder when 15831388 is divided by 44?
12
What is the remainder when 33538144 is divided by 14?
10
What is the remainder when 1444883 is divided by 1038?
1025
What is the remainder when 1262568 is divided by 23380?
48
Calculate the remainder when 41205043 is divided by 756.
19
What is the remainder when 537171 is divided by 31598?
5
What is the remainder when 17243 is divided by 1128?
323
Calculate the remainder when 96034 is divided by 1041.
262
Calculate the remainder when 143276541 is divided by 23879422.
9
Calculate the remainder when 50967359 is divided by 576.
575
What is the remainder when 3494 is divided by 501?
488
Calculate the remainder when 469196 is divided by 144.
44
What is the remainder when 1463533037 is divided by 80?
77
Calculate the remainder when 7269530 is divided by 56.
2
What is the remainder when 41457 is divided by 41365?
92
What is the remainder when 1358174 is divided by 318?
314
What is the remainder when 28638 is divided by 684?
594
Calculate the remainder when 6763985 is divided by 177998.
61
Calculate the remainder when 12474221 is divided by 6236776.
669
What is the remainder when 3144503747 is divided by 50?
47
Calculate the remainder when 2181428 is divided by 80.
68
What is the remainder when 114706 is divided by 7144?
402
What is the remainder when 502208527 is divided by 3591?
3586
What is the remainder when 53924582 is divided by 413?
411
What is the remainder when 4263378 is divided by 1421115?
33
Calculate the remainder when 13540372 is divided by 125.
122
What is the remainder when 4514 is divided by 3722?
792
Calculate the remainder when 34718 is divided by 34595.
123
What is the 